mber?
False
Is 38850209 composite?
False
Is 19767441 a composite number?
True
Is 2340883 a composite number?
True
Is 344323957 prime?
True
Is 174019 composite?
False
Is 5646939 prime?
False
Is 32728991 a composite number?
False
Is 8263049 a composite number?
True
Is 2469749 a composite number?
True
Is 1979818 prime?
False
Is 146119 a prime number?
False
Is 1407247 composite?
False
Is 175783063 a prime number?
False
Is 6832091 a prime number?
False
Is 2980883 composite?
False
Is 605921 a composite number?
False
Is 606721 a composite number?
False
Is 416433419 prime?
True
Is 553409 a prime number?
False
Is 3472874 a prime number?
False
Is 1782151 composite?
True
Is 292843 prime?
False
Is 151955693 a composite number?
False
Is 42940327 a composite number?
True
Is 17383021 a prime number?
True
Is 229701233 prime?
False
Is 805421 composite?
False
Is 1356101 a prime number?
True
Is 37738783 a prime number?
True
Is 321206863 a prime number?
False
Is 65749 prime?
False
Is 4961179 a prime number?
False
Is 136972697 prime?
False
Is 712409 a prime number?
True
Is 107687 prime?
True
Is 2590951 composite?
True
Is 7244467 a composite number?
True
Is 308431 composite?
True
Is 212251343 composite?
False
Is 87711301 a prime number?
False
Is 1085719 a composite number?
False
Is 124936477 prime?
False
Is 2215691 prime?
True
Is 690919 a composite number?
False
Is 27141923 a composite number?
False
Is 57317359 prime?
False
Is 25094067 composite?
True
Is 9751273 a prime number?
False
Is 65891807 a prime number?
True
Is 91811117 prime?
True
Is 3598891 composite?
False
Is 676589 a prime number?
True
Is 49758257 a composite number?
False
Is 1157531 a composite number?
False
Is 11606065 a composite number?
True
Is 1153799 a composite number?
False
Is 22953643 a composite number?
False
Is 55242427 a prime number?
False
Is 436771 a composite number?
True
Is 414721 prime?
True
Is 40941499 prime?
False
Is 22055899 composite?
True
Is 8582051 a composite number?
False
Is 110770957 composite?
True
Is 23787091 a composite number?
False
Is 513593 a prime number?
True
Is 18791593 prime?
True
Is 30289877 composite?
False
Is 98121421 a composite number?
False
Is 2664763 prime?
True
Is 258299 prime?
True
Is 10623871 a prime number?
True
Is 54119237 a composite number?
True
Is 8059489 a prime number?
True
Is 2752241 a prime number?
False
Is 5237507 composite?
True
Is 99077413 prime?
True
Is 17708807 prime?
True
Is 187814737 a prime number?
False
Is 53578981 prime?
True
Is 174800611 prime?
True
Is 508607 a composite number?
True
Is 5139599 composite?
True
Is 40234871 a prime number?
True
Is 153679319 composite?
False
Is 121537001 a prime number?
True
Is 48013447 a composite number?
True
Is 10823763 prime?
False
Is 39497411 a composite number?
True
Is 2275769 composite?
False
Is 3073165 a prime number?
False
Is 136435661 a composite number?
True
Is 2982754 a composite number?
True
Is 186886039 composite?
False
Is 71621049 composite?
True
Is 21931499 composite?
False
Is 65341483 a composite number?
True
Is 91092641 composite?
False
Is 7967497 prime?
True
Is 8209 prime?
True
Is 3975298 a composite number?
True
Is 26511841 a prime number?
False
Is 291563749 prime?
False
Is 289403099 composite?
False
Is 29126023 prime?
False
Is 214688031 composite?
True
Is 16381279 composite?
False
Is 364966447 a prime number?
True
Is 3025207 a prime number?
True
Is 151612129 a composite number?
False
Is 2864929 composite?
True
Is 59497 prime?
True
Is 3279949 composite?
False
Is 132110101 a prime number?
False
Is 29077351 composite?
True
Is 3269833 prime?
False
Is 89547851 composite?
False
Is 2385881 a composite number?
False
Is 61956031 a composite number?
False
Is 663367513 a prime number?
False
Is 7572427 a prime number?
True
Is 47005877 a composite number?
False
Is 787309 composite?
False
Is 2886029779 prime?
True
Is 550457471 composite?
False
Is 459354169 composite?
False
Is 1504343 a composite number?
True
Is 3043681 a prime number?
True
Is 3219121 composite?
False
Is 111313777 prime?
False
Is 2283783 composite?
True
Is 31784639 prime?
False
Is 8729543 a composite number?
False
Is 75638903 prime?
True
Is 351313 a composite number?
True
Is 345133 composite?
False
Is 457889 a prime number?
True
Is 212637223 composite?
False
Is 193499777 prime?
True
Is 76080401 a composite number?
False
Is 475039 a composite number?
True
Is 68145641 composite?
False
Is 30577769 a composite number?
False
Is 1427783 prime?
False
Is 3533753 prime?
False
Is 3285179 prime?
False
Is 93803189 prime?
True
Is 182811193 a composite number?
False
Is 128710159 a composite number?
False
Is 285330109 prime?
True
Is 1384780405 a prime number?
False
Is 3378913 prime?
True
Is 9588091 prime?
True
Is 143892431 a composite number?
False
Is 359311317 a composite number?
True
Is 11803327 composite?
False
Is 10257733 prime?
False
Is 1802479 prime?
False
Is 2145703 a composite number?
True
Is 236677673 a composite number?
False
Is 27900309 a composite number?
True
Is 19329823 composite?
True
Is 43637702 composite?
True
Is 16217879 prime?
False
Is 24269611 prime?
False
Is 19093361 a composite number?
True
Is 25833959 a prime number?
False
Is 40525391 prime?
True
Is 15408215 a prime number?
False
Is 1381057 a prime number?
True
Is 1263215887 a prime number?
True
Is 62316359 prime?
False
Is 201291595 prime?
False
Is 29624311 prime?
True
Is 474377 prime?
False
Is 17434811 a composite number?
True
Is 1890423281 prime?
True
Is 28839727 a prime number?
False
Is 1299169 prime?
True
Is 10666981 a prime number?
False
Is 441185 composite?
True
Is 58763699 a prime number?
True
Is 34625995 a prime number?
False
Is 4552859 a prime number?
False
Is 2736757 prime?
True
Is 1894751 a prime number?
False
Is 69513331 prime?
False
Is 83512283 a prime number?
False
Is 92702221 prime?
False
Is 46655303 composite?
False
Is 2745271 a composite number?
True
Is 34744363 a composite number?
True
Is 143587718 prime?
False
Is 603593 prime?
False
Is 672119477 prime?
True
Is 4068739 prime?
True
Is 11713577 composite?
True
Is 112989273 prime?
False
Is 23698354 composite?
True
Is 103328497 prime?
False
Is 100692437 a composite number?
True
Is 20995069 composite?
False
Is 2407237 a composite number?
True
Is 111893 a composite number?
False
Is 60577117 composite?
False
Is 387622493 composite?
False
Is 9220807 prime?
False
Is 1081631 composite?
False
Is 376501 prime?
True
Is 129501233 a composite number?
True
Is 6762773 composite?
False
Is 6724414 a composite number?
True
Is 13125767 a composite number?
False
Is 1046519 composite?
False
Is 25514113 a prime number?
False
Is 23385697 prime?
False
Is 12153737 a composite number?
False
Is 9770191 a composite number?
False
Is 6632687 composite?
True
Is 88827643 a prime number?
True
Is 59887231 a prime number?
False
Is 466663177 a composite number?
False
Is 94286111 prime?
True
Is 50168731 composite?
False
Is 52233971 a composite number?
False
Is 173797927 a composite number?
False
Is 529528451 composite?
True
Is 79192277 a composite number?
False
Is 65930669 prime?
False
Is 659591 prime?
True
Is 38591887 a composite number?
True
Is 2684203 composite?
False
Is 34688809 prime?
False
Is 892384171 composite?
True
Is 1550851 a prime number?
True
Is 33949511 a prime number?
True
Is 6249101 a prime number?
True
Is 13480627 composite?
False
Is 12688627 a composite number?
True
Is 34740707 prime?
False
Is 1975591 a prime number?
False
Is 6004709 composite?
True
Is 473435 composite?
True
Is 36814909 a prime number?
False
Is 30544231 a prime number?
True
Is 23111447 a prime number?
True
Is 16352129 a composite number?
True
Is 7313759 a composite number?
False
Is 3141863 prime?
True
Is 6484019 a composite number?
False
Is 52914133 composite?
False
Is 3785767 a composite number?
True
Is 29520671 prime?
True
Is 3189313 composite?
False
Is 21238343 prime?
False
Is 272410189 prime?
True
Is 32643749 prime?
False
Is 14461757 a composite number?
False
Is 67854239 composite?
False
Is 35702269 composite?
False
Is 1771223 a prime number?
True
Is 29790637 a prime number?
False
Is 225523 composite?
False
Is 19740239 a composite number?
False
Is 732905 prime?
False
Is 24548213 a composite number?
False
Is 113760197 a prime number?
True
Is 326696149 prim